.
617, 1399
List the prime factors of 7755743.
19, 408197
What are the prime factors of 58701?
3, 17, 1151
What are the prime factors of 3817378?
2, 53, 36013
What are the prime factors of 8389921?
8389921
List the prime factors of 22573294.
2, 61, 185027
List the prime factors of 834955.
5, 11, 17, 19, 47
List the prime factors of 325590.
2, 3, 5, 10853
List the prime factors of 5027542.
2, 13, 193367
List the prime factors of 1804421.
1804421
List the prime factors of 741015.
3, 5, 11, 499
List the prime factors of 30722795.
5, 647, 9497
List the prime factors of 238213.
238213
List the prime factors of 2021266.
2, 13, 17, 269
What are the prime factors of 272424?
2, 3, 11351
List the prime factors of 185299.
185299
What are the prime factors of 9093018?
2, 3, 11, 311, 443
List the prime factors of 353507.
7, 11, 4591
List the prime factors of 140038.
2, 70019
What are the prime factors of 818979?
3, 7, 59, 661
What are the prime factors of 831651?
3, 277217
What are the prime factors of 9299103?
3, 11, 281791
What are the prime factors of 749900?
2, 5, 7499
List the prime factors of 243638.
2, 43, 2833
What are the prime factors of 6558136?
2, 13, 63059
List the prime factors of 809723.
19, 2243
What are the prime factors of 1922528?
2, 73, 823
List the prime factors of 828787.
828787
What are the prime factors of 941790?
2, 3, 5, 31393
List the prime factors of 7573.
7573
What are the prime factors of 140318?
2, 17, 4127
What are the prime factors of 388302?
2, 3, 64717
What are the prime factors of 2306639?
2306639
What are the prime factors of 4004881?
4004881
List the prime factors of 251127.
3, 71, 131
What are the prime factors of 442859?
29, 15271
List the prime factors of 11066368.
2, 101, 107
What are the prime factors of 4376631?
3, 7, 19, 1567
What are the prime factors of 9084964?
2, 7, 19, 17077
What are the prime factors of 2677529?
463, 5783
What are the prime factors of 1756803?
3, 585601
List the prime factors of 1565738.
2, 251, 3119
What are the prime factors of 2893022?
2, 11, 131501
List the prime factors of 6676008.
2, 3, 43, 6469
What are the prime factors of 1936206?
2, 3, 263, 409
What are the prime factors of 1096080?
2, 3, 5, 4567
List the prime factors of 79749.
3, 8861
What are the prime factors of 7502382?
2, 3, 43, 359
List the prime factors of 63889.
7, 9127
List the prime factors of 245340.
2, 3, 5, 29, 47
What are the prime factors of 873309?
3, 291103
List the prime factors of 213907.
409, 523
What are the prime factors of 6780999?
3, 89, 109, 233
What are the prime factors of 8395823?
31, 270833
List the prime factors of 1102881.
3, 13, 28279
What are the prime factors of 24709246?
2, 101, 122323
What are the prime factors of 24724286?
2, 12362143
What are the prime factors of 382288?
2, 23893
List the prime factors of 1663834.
2, 831917
What are the prime factors of 748658?
2, 37, 67, 151
What are the prime factors of 403934?
2, 139, 1453
What are the prime factors of 6350181?
3, 1301, 1627
List the prime factors of 7600792.
2, 950099
List the prime factors of 323215.
5, 127, 509
What are the prime factors of 551797?
197, 2801
What are the prime factors of 288637?
29, 37, 269
List the prime factors of 9300563.
41, 226843
List the prime factors of 15445480.
2, 5, 19, 20323
What are the prime factors of 1133398?
2, 7, 73, 1109
List the prime factors of 228474.
2, 3, 4231
List the prime factors of 1263021.
3, 167, 2521
List the prime factors of 12383811.
3, 11, 67, 1867
What are the prime factors of 6153650?
2, 5, 23, 5351
List the prime factors of 2488792.
2, 311099
What are the prime factors of 1879558?
2, 139, 6761
What are the prime factors of 207736?
2, 23, 1129
What are the prime factors of 682510?
2, 5, 131, 521
List the prime factors of 27704869.
19, 1458151
List the prime factors of 2925865.
5, 53, 61, 181
What are the prime factors of 299876?
2, 61, 1229
List the prime factors of 1094215.
5, 218843
List the prime factors of 300120.
2, 3, 5, 41, 61
List the prime factors of 5016002.
2, 2508001
What are the prime factors of 295393?
7, 19, 2221
What are the prime factors of 548305?
5, 109661
List the prime factors of 12155181.
3, 4051727
What are the prime factors of 81620?
2, 5, 7, 11, 53
What are the prime factors of 1766026?
2, 883013
List the prime factors of 69362.
2, 79, 439
List the prime factors of 210850.
2, 5, 4217
List the prime factors of 1008291.
3, 47, 7151
What are the prime factors of 50747?
31, 1637
List the prime factors of 3161004.
2, 3, 7, 11, 311
What are the prime factors of 17400846?
2, 3, 19, 152639
What are the prime factors of 355301?
67, 5303
What are the prime factors of 206381?
7, 29483
What are the prime factors of 97674?
2, 3, 73, 223
List the prime factors of 10425555.
3, 5, 7, 23, 1439
What are the prime factors of 647696?
2, 7, 5783
List the prime factors of 407236.
2, 61, 1669
What are the prime factors of 484382?
2, 47, 5153
What are the prime factors of 10056189?
3, 11, 13, 2131
What are the prime factors of 25574?
2, 19, 673
List the prime factors of 80069.
11, 29, 251
What are the prime factors of 304836?
2, 3, 7, 19, 191
List the prime factors of 11423765.
5, 659, 3467
What are the prime factors of 4034694?
2, 3, 433, 1553
What are the prime factors of 1275280?
2, 5, 19, 839
What are the prime factors of 608072?
2, 29, 2621
List the prime factors of 8751466.
2, 53, 82561
What are the prime factors of 44429?
7, 11, 577
What are the prime factors of 55813?
55813
List the prime factors of 21972141.
3, 271261
List the prime factors of 142766.
2, 13, 17, 19
List the prime factors of 1820885.
5, 11, 33107
What are the prime factors of 1718327?
13, 131, 1009
List the prime factors of 2229637.
211, 10567
What are the prime factors of 1470700?
2, 5, 7, 11, 191
What are the prime factors of 10398210?
2, 3, 5, 346607
List the prime factors of 17464789.
131, 133319
What are the prime factors of 899387?
899387
List the prime factors of 2192619.
3, 11, 13, 19, 269
What are the prime factors of 2496285?
3, 5, 11, 41
List the prime factors of 24166161.
3, 149, 6007
List the prime factors of 2937855.
3, 5, 17, 41, 281
List the prime factors of 7174606.
2, 3587303
List the prime factors of 129423.
3, 7, 6163
What are the prime factors of 4749663?
3, 89, 17789
List the prime factors of 343889.
7, 13, 3779
List the prime factors of 3523581.
3, 41, 1061
What are the prime factors of 567620?
2, 5, 101, 281
What are the prime factors of 271419?
3, 90473
What are the prime factors of 203443?
131, 1553
List the prime factors of 1122993.
3, 124777
List the prime factors of 219381.
3, 73127
What are the prime factors of 33734?
2, 101, 167
List the prime factors of 4424231.
7, 139, 4547
What are the prime factors of 59666?
2, 29833
List the prime factors of 4822381.
29, 166289
List the prime factors of 1593956.
2, 7, 13, 29, 151
What are the prime factors of 285669?
3, 31741
What are the prime factors of 409875?
3, 5, 1093
List the prime factors of 11919835.
5, 71, 33577
List the prime factors of 4051403.
4051403
What are the prime factors of 251970?
2, 3, 5, 37, 227
List the prime factors of 2414430.
2, 3, 5, 139, 193
List the prime factors of 495385.
5, 11, 9007
What are the prime factors of 369535?
5, 73907
What are the prime factors of 231201?
3, 8563
What are the prime factors of 17346174?
2, 3, 31, 179, 521
List the prime factors of 28169268.
2, 3, 2347439
What are the prime factors of 63653?
53, 1201
List the prime factors of 252036.
2, 3, 7001
What are the prime factors of 55069?
7, 7867
List the prime factors of 11854084.
2, 11, 41, 6571
List the prime factors of 1508857.
7, 53, 83
What are the prime factors of 195361?
347, 563
List the prime factors of 1779554.
2, 7, 79, 1609
List the prime factors of 221147.
281, 787
List the prime factors of 4943125.
5, 11, 719
List the prime factors of 1497551.
11, 109, 1249
List the prime factors of 704924.
2, 11, 37, 433
List the prime factors of 888693.
3, 13, 22787
List the prime factors of 7741269.
3, 281, 3061
What are the prime factors of 6082297?
13, 467869
List the prime factors of 9191827.
9191827
List the prime factors of 719810.
2, 5, 7, 13, 113
List the prime factors of 7001519.
7, 19, 61, 863
List the prime factors of 24105